{"id":9431,"date":"2022-11-08T16:46:56","date_gmt":"2022-11-08T14:46:56","guid":{"rendered":"https:\/\/headless.velbehagklinikk.no\/blogg\/?post_type=product&#038;p=9431"},"modified":"2026-03-23T16:57:29","modified_gmt":"2026-03-23T14:57:29","slug":"rynkebehandling","status":"publish","type":"product","link":"https:\/\/headless.velbehagklinikk.no\/blogg\/behandling\/rynkebehandling\/","title":{"rendered":"Rynkebehandling"},"content":{"rendered":"<p><span style=\"font-weight: 400;\">Rynkebehandling med Restylane\u00ae gir deg en glattere og jevnere hudoverflate med umiddelbar effekt. V\u00e5re kvalifiserte terapeuter vil konsultere deg for \u00e5 finne den beste behandlingen for dine individuelle behov. Uansett om du \u00f8nsker \u00e5 fylle ut dype rynker, jevne ut linjer, eller forynge huden din, har vi en behandling som passer for deg.<\/span><\/p>\n<p>Alle behandlinger med injeksjoner utf\u00f8res av erfarne leger eller kosmetiske sykepleier. Hos oss kan du f\u00f8le deg trygg i omgivelser fylt av etikk, ansvar og medisinskfaglig kompetanse.<\/p>\n","protected":false},"excerpt":{"rendered":"<p>Fjern rynker og ujevnheter med Restylane\u00ae<\/p>\n","protected":false},"featured_media":12288,"comment_status":"closed","ping_status":"closed","template":"","meta":{"_acf_changed":false},"product_brand":[],"product_cat":[3848],"product_tag":[3855,3873,3858,3857,3863,3879,3860,3872,3859,3871,3869,3856],"class_list":{"0":"post-9431","1":"product","2":"type-product","3":"status-publish","4":"has-post-thumbnail","6":"product_cat-behandlingsmeny","7":"product_tag-aldrende","8":"product_tag-aldrende-hud","9":"product_tag-arr","10":"product_tag-fukttap","11":"product_tag-hudkvalitet","12":"product_tag-injeksjoner","13":"product_tag-linjer-rynker","14":"product_tag-rodhet","15":"product_tag-slapp-hud","16":"product_tag-solskade","17":"product_tag-ujevn","18":"product_tag-volumtap-i-ansiktet","20":"first","21":"instock","22":"shipping-taxable","23":"product-type-simple"},"acf":[],"_links":{"self":[{"href":"https:\/\/headless.velbehagklinikk.no\/blogg\/wp-json\/wp\/v2\/product\/9431","targetHints":{"allow":["GET"]}}],"collection":[{"href":"https:\/\/headless.velbehagklinikk.no\/blogg\/wp-json\/wp\/v2\/product"}],"about":[{"href":"https:\/\/headless.velbehagklinikk.no\/blogg\/wp-json\/wp\/v2\/types\/product"}],"replies":[{"embeddable":true,"href":"https:\/\/headless.velbehagklinikk.no\/blogg\/wp-json\/wp\/v2\/comments?post=9431"}],"wp:featuredmedia":[{"embeddable":true,"href":"https:\/\/headless.velbehagklinikk.no\/blogg\/wp-json\/wp\/v2\/media\/12288"}],"wp:attachment":[{"href":"https:\/\/headless.velbehagklinikk.no\/blogg\/wp-json\/wp\/v2\/media?parent=9431"}],"wp:term":[{"taxonomy":"product_brand","embeddable":true,"href":"https:\/\/headless.velbehagklinikk.no\/blogg\/wp-json\/wp\/v2\/product_brand?post=9431"},{"taxonomy":"product_cat","embeddable":true,"href":"https:\/\/headless.velbehagklinikk.no\/blogg\/wp-json\/wp\/v2\/product_cat?post=9431"},{"taxonomy":"product_tag","embeddable":true,"href":"https:\/\/headless.velbehagklinikk.no\/blogg\/wp-json\/wp\/v2\/product_tag?post=9431"}],"curies":[{"name":"wp","href":"https:\/\/api.w.org\/{rel}","templated":true}]}}