{"id":9526,"date":"2022-11-15T11:06:40","date_gmt":"2022-11-15T09:06:40","guid":{"rendered":"https:\/\/headless.velbehagklinikk.no\/blogg\/?post_type=product&#038;p=9526"},"modified":"2026-03-23T16:57:28","modified_gmt":"2026-03-23T14:57:28","slug":"laser-harfjerning","status":"publish","type":"product","link":"https:\/\/headless.velbehagklinikk.no\/blogg\/behandling\/laser-harfjerning\/","title":{"rendered":"Laser h\u00e5rfjerning"},"content":{"rendered":"<p><span style=\"font-weight: 400;\">Lei av barbering og voksing? Fjern u\u00f8nsket h\u00e5r for godt med en av markedets beste lasere! Hos oss tilbyr vi laserbehandling<\/span><span style=\"font-weight: 400;\">\u00a0som gir permanent h\u00e5rreduksjon p\u00e5 alle hudtyper.\u00a0<\/span><\/p>\n<p><span style=\"font-weight: 400;\">Med v\u00e5r diodelaser kan vi trygt og effektivt fjerne u\u00f8nsket h\u00e5rvekst b\u00e5de p\u00e5 kropp og i ansikt. Dette er en ypperlig m\u00e5te \u00e5 f\u00e5 bukt med inngrodde h\u00e5r, betente og irriterte h\u00e5rsekker som f\u00f8lger av andre h\u00e5rfjerningsmetoder. Behandlingens lengde og intensitet avhenger av omr\u00e5det som behandles.\u00a0<\/span><\/p>\n<p><span style=\"font-weight: 400;\">F\u00f8r du kommer til laser er det viktig at du ikke har nappet, epilert eller vokset h\u00e5r i omr\u00e5det som skal behandles. Du m\u00e5 barbere kvelden f\u00f8r eller samme dag som du kommer til din time. Deretter rebehandles omr\u00e5det hver 4-8 uke &#8211; avhengig av omr\u00e5det. Dette vil du f\u00e5 ytterligere informasjon om fra din behandler.<\/span><\/p>\n","protected":false},"excerpt":{"rendered":"<p><span style=\"font-weight: 400;\">Fjern u\u00f8nsket h\u00e5r for godt med en av markedets beste lasere<\/span><\/p>\n","protected":false},"featured_media":12290,"comment_status":"closed","ping_status":"closed","template":"","meta":{"_acf_changed":false},"product_brand":[],"product_cat":[3848],"product_tag":[3878,3861],"class_list":{"0":"post-9526","1":"product","2":"type-product","3":"status-publish","4":"has-post-thumbnail","6":"product_cat-behandlingsmeny","7":"product_tag-laser","8":"product_tag-uonsket-harvekst","10":"first","11":"instock","12":"shipping-taxable","13":"product-type-simple"},"acf":[],"_links":{"self":[{"href":"https:\/\/headless.velbehagklinikk.no\/blogg\/wp-json\/wp\/v2\/product\/9526","targetHints":{"allow":["GET"]}}],"collection":[{"href":"https:\/\/headless.velbehagklinikk.no\/blogg\/wp-json\/wp\/v2\/product"}],"about":[{"href":"https:\/\/headless.velbehagklinikk.no\/blogg\/wp-json\/wp\/v2\/types\/product"}],"replies":[{"embeddable":true,"href":"https:\/\/headless.velbehagklinikk.no\/blogg\/wp-json\/wp\/v2\/comments?post=9526"}],"wp:featuredmedia":[{"embeddable":true,"href":"https:\/\/headless.velbehagklinikk.no\/blogg\/wp-json\/wp\/v2\/media\/12290"}],"wp:attachment":[{"href":"https:\/\/headless.velbehagklinikk.no\/blogg\/wp-json\/wp\/v2\/media?parent=9526"}],"wp:term":[{"taxonomy":"product_brand","embeddable":true,"href":"https:\/\/headless.velbehagklinikk.no\/blogg\/wp-json\/wp\/v2\/product_brand?post=9526"},{"taxonomy":"product_cat","embeddable":true,"href":"https:\/\/headless.velbehagklinikk.no\/blogg\/wp-json\/wp\/v2\/product_cat?post=9526"},{"taxonomy":"product_tag","embeddable":true,"href":"https:\/\/headless.velbehagklinikk.no\/blogg\/wp-json\/wp\/v2\/product_tag?post=9526"}],"curies":[{"name":"wp","href":"https:\/\/api.w.org\/{rel}","templated":true}]}}