{"id":9573,"date":"2022-11-15T14:18:23","date_gmt":"2022-11-15T12:18:23","guid":{"rendered":"https:\/\/headless.velbehagklinikk.no\/blogg\/?post_type=product&#038;p=9573"},"modified":"2026-03-23T16:57:14","modified_gmt":"2026-03-23T14:57:14","slug":"dyprens-4","status":"publish","type":"product","link":"https:\/\/headless.velbehagklinikk.no\/blogg\/behandling\/dyprens-4\/","title":{"rendered":"Dyprens"},"content":{"rendered":"<p><span style=\"font-weight: 400;\">Dyprens er en behandling som gir huden din en dyp rens og forbedrer dens generelle utseende. V\u00e5re dyktige terapeuter vil bruke effektive produkter for \u00e5 fjerne d\u00f8de hudceller, smuss og overfl\u00f8dig olje, slik at huden din kan se mer frisk og gl\u00f8dende ut. La oss hjelpe deg med \u00e5 gi huden din den pleien den trenger. Behandlingen passer for deg med store porer, urenheter eller deg som bare \u00f8nsker en ny gl\u00f8d.\u00a0<\/span><\/p>\n","protected":false},"excerpt":{"rendered":"<p><span style=\"font-weight: 400;\">En fantastisk behandling for deg som \u00f8nsker en dypere ansiktsbehandlig.<\/span><\/p>\n","protected":false},"featured_media":9731,"comment_status":"closed","ping_status":"closed","template":"","meta":{"_acf_changed":false},"product_brand":[],"product_cat":[3848],"product_tag":[3853,3855,3873,3857,3863,3880,3870,3868,3867,3869],"class_list":{"0":"post-9573","1":"product","2":"type-product","3":"status-publish","4":"has-post-thumbnail","6":"product_cat-behandlingsmeny","7":"product_tag-akne","8":"product_tag-aldrende","9":"product_tag-aldrende-hud","10":"product_tag-fukttap","11":"product_tag-hudkvalitet","12":"product_tag-hudpleie","13":"product_tag-kombinasjon","14":"product_tag-oljete","15":"product_tag-torr","16":"product_tag-ujevn","18":"first","19":"instock","20":"shipping-taxable","21":"product-type-simple"},"acf":[],"_links":{"self":[{"href":"https:\/\/headless.velbehagklinikk.no\/blogg\/wp-json\/wp\/v2\/product\/9573","targetHints":{"allow":["GET"]}}],"collection":[{"href":"https:\/\/headless.velbehagklinikk.no\/blogg\/wp-json\/wp\/v2\/product"}],"about":[{"href":"https:\/\/headless.velbehagklinikk.no\/blogg\/wp-json\/wp\/v2\/types\/product"}],"replies":[{"embeddable":true,"href":"https:\/\/headless.velbehagklinikk.no\/blogg\/wp-json\/wp\/v2\/comments?post=9573"}],"wp:featuredmedia":[{"embeddable":true,"href":"https:\/\/headless.velbehagklinikk.no\/blogg\/wp-json\/wp\/v2\/media\/9731"}],"wp:attachment":[{"href":"https:\/\/headless.velbehagklinikk.no\/blogg\/wp-json\/wp\/v2\/media?parent=9573"}],"wp:term":[{"taxonomy":"product_brand","embeddable":true,"href":"https:\/\/headless.velbehagklinikk.no\/blogg\/wp-json\/wp\/v2\/product_brand?post=9573"},{"taxonomy":"product_cat","embeddable":true,"href":"https:\/\/headless.velbehagklinikk.no\/blogg\/wp-json\/wp\/v2\/product_cat?post=9573"},{"taxonomy":"product_tag","embeddable":true,"href":"https:\/\/headless.velbehagklinikk.no\/blogg\/wp-json\/wp\/v2\/product_tag?post=9573"}],"curies":[{"name":"wp","href":"https:\/\/api.w.org\/{rel}","templated":true}]}}