{"id":9576,"date":"2022-11-15T14:20:44","date_gmt":"2022-11-15T12:20:44","guid":{"rendered":"https:\/\/headless.velbehagklinikk.no\/blogg\/?post_type=product&#038;p=9576"},"modified":"2026-03-23T16:57:11","modified_gmt":"2026-03-23T14:57:11","slug":"massasje","status":"publish","type":"product","link":"https:\/\/headless.velbehagklinikk.no\/blogg\/behandling\/massasje\/","title":{"rendered":"Massasje"},"content":{"rendered":"<p><span style=\"font-weight: 400;\">Massasje er en luksuri\u00f8s og avslappende behandling som kan bidra til \u00e5 redusere stress og spenninger i kroppen. V\u00e5re dyktige terapeuter vil jobbe med deg for \u00e5 lindre muskelspenninger og \u00f8ke blodsirkulasjonen, slik at du kan f\u00f8le deg avslappet og velpleid. La oss hjelpe deg med \u00e5 slappe av og f\u00e5 en velfortjent pause fra hverdagens krav. Bestill din behandling i dag og opplev forskjellen.<\/span><\/p>\n","protected":false},"excerpt":{"rendered":"<p><span style=\"font-weight: 400;\">Har du s\u00e5re muskler og knuter? Eller kanskje du bare \u00f8nsker litt velv\u00e6re i hverdagen. Da er en massasje behandling perfekt for deg.<\/span><\/p>\n","protected":false},"featured_media":12304,"comment_status":"closed","ping_status":"closed","template":"","meta":{"_acf_changed":false},"product_brand":[],"product_cat":[3848],"product_tag":[3883,3865],"class_list":{"0":"post-9576","1":"product","2":"type-product","3":"status-publish","4":"has-post-thumbnail","6":"product_cat-behandlingsmeny","7":"product_tag-annet","8":"product_tag-sare-muskler","10":"first","11":"instock","12":"shipping-taxable","13":"product-type-simple"},"acf":[],"_links":{"self":[{"href":"https:\/\/headless.velbehagklinikk.no\/blogg\/wp-json\/wp\/v2\/product\/9576","targetHints":{"allow":["GET"]}}],"collection":[{"href":"https:\/\/headless.velbehagklinikk.no\/blogg\/wp-json\/wp\/v2\/product"}],"about":[{"href":"https:\/\/headless.velbehagklinikk.no\/blogg\/wp-json\/wp\/v2\/types\/product"}],"replies":[{"embeddable":true,"href":"https:\/\/headless.velbehagklinikk.no\/blogg\/wp-json\/wp\/v2\/comments?post=9576"}],"wp:featuredmedia":[{"embeddable":true,"href":"https:\/\/headless.velbehagklinikk.no\/blogg\/wp-json\/wp\/v2\/media\/12304"}],"wp:attachment":[{"href":"https:\/\/headless.velbehagklinikk.no\/blogg\/wp-json\/wp\/v2\/media?parent=9576"}],"wp:term":[{"taxonomy":"product_brand","embeddable":true,"href":"https:\/\/headless.velbehagklinikk.no\/blogg\/wp-json\/wp\/v2\/product_brand?post=9576"},{"taxonomy":"product_cat","embeddable":true,"href":"https:\/\/headless.velbehagklinikk.no\/blogg\/wp-json\/wp\/v2\/product_cat?post=9576"},{"taxonomy":"product_tag","embeddable":true,"href":"https:\/\/headless.velbehagklinikk.no\/blogg\/wp-json\/wp\/v2\/product_tag?post=9576"}],"curies":[{"name":"wp","href":"https:\/\/api.w.org\/{rel}","templated":true}]}}