{"id":9577,"date":"2022-11-15T14:21:18","date_gmt":"2022-11-15T12:21:18","guid":{"rendered":"https:\/\/headless.velbehagklinikk.no\/blogg\/?post_type=product&#038;p=9577"},"modified":"2026-03-23T16:57:10","modified_gmt":"2026-03-23T14:57:10","slug":"vippeloft","status":"publish","type":"product","link":"https:\/\/headless.velbehagklinikk.no\/blogg\/behandling\/vippeloft\/","title":{"rendered":"Vippel\u00f8ft"},"content":{"rendered":"<p><span style=\"font-weight: 400;\">Vippel\u00f8ft er en unik behandling som gir deg lange, vakre og fyldige vipper. V\u00e5re dyktige terapeuter vil jobbe med deg for \u00e5 finne den perfekte formen for dine vipper, slik at du kan se mer velstelt og velpleid ut. Med vippel\u00f8ft slipper du \u00e5 bruke falske vipper eller vippetang hver dag, og resultatet vil vare i flere uker. Bestill din behandling i dag og la oss hjelpe deg med \u00e5 f\u00e5 dr\u00f8mmevipper.<\/span><\/p>\n","protected":false},"excerpt":{"rendered":"<p>L\u00f8ft opp vippene og f\u00e5 maskara-effekt uten maskara<\/p>\n","protected":false},"featured_media":9729,"comment_status":"closed","ping_status":"closed","template":"","meta":{"_acf_changed":false},"product_brand":[],"product_cat":[3848],"product_tag":[3881,3866],"class_list":{"0":"post-9577","1":"product","2":"type-product","3":"status-publish","4":"has-post-thumbnail","6":"product_cat-behandlingsmeny","7":"product_tag-vipper-og-bryn","8":"product_tag-vipper-bryn","10":"first","11":"instock","12":"shipping-taxable","13":"product-type-simple"},"acf":[],"_links":{"self":[{"href":"https:\/\/headless.velbehagklinikk.no\/blogg\/wp-json\/wp\/v2\/product\/9577","targetHints":{"allow":["GET"]}}],"collection":[{"href":"https:\/\/headless.velbehagklinikk.no\/blogg\/wp-json\/wp\/v2\/product"}],"about":[{"href":"https:\/\/headless.velbehagklinikk.no\/blogg\/wp-json\/wp\/v2\/types\/product"}],"replies":[{"embeddable":true,"href":"https:\/\/headless.velbehagklinikk.no\/blogg\/wp-json\/wp\/v2\/comments?post=9577"}],"wp:featuredmedia":[{"embeddable":true,"href":"https:\/\/headless.velbehagklinikk.no\/blogg\/wp-json\/wp\/v2\/media\/9729"}],"wp:attachment":[{"href":"https:\/\/headless.velbehagklinikk.no\/blogg\/wp-json\/wp\/v2\/media?parent=9577"}],"wp:term":[{"taxonomy":"product_brand","embeddable":true,"href":"https:\/\/headless.velbehagklinikk.no\/blogg\/wp-json\/wp\/v2\/product_brand?post=9577"},{"taxonomy":"product_cat","embeddable":true,"href":"https:\/\/headless.velbehagklinikk.no\/blogg\/wp-json\/wp\/v2\/product_cat?post=9577"},{"taxonomy":"product_tag","embeddable":true,"href":"https:\/\/headless.velbehagklinikk.no\/blogg\/wp-json\/wp\/v2\/product_tag?post=9577"}],"curies":[{"name":"wp","href":"https:\/\/api.w.org\/{rel}","templated":true}]}}