{"id":9579,"date":"2022-11-15T14:22:48","date_gmt":"2022-11-15T12:22:48","guid":{"rendered":"https:\/\/headless.velbehagklinikk.no\/blogg\/?post_type=product&#038;p=9579"},"modified":"2026-03-23T16:57:08","modified_gmt":"2026-03-23T14:57:08","slug":"farge-form-vipper-og-bryn","status":"publish","type":"product","link":"https:\/\/headless.velbehagklinikk.no\/blogg\/behandling\/farge-form-vipper-og-bryn\/","title":{"rendered":"Brynstyling"},"content":{"rendered":"<p><span style=\"font-weight: 400;\">Farging og forming av vipper og bryn<\/span> <span style=\"font-weight: 400;\">kan gi deg et friskere og mer definert blikk. V\u00e5re dyktige terapeuter vil jobbe med deg for \u00e5 finne den perfekte fargen og formen for dine vipper og bryn, slik at du kan se mer velpleid og velstelt ut. La oss gi deg en vakker og naturlig look som vil vare i flere uker. Bestill din behandling i dag og opplev forskjellen.<\/span><\/p>\n","protected":false},"excerpt":{"rendered":"<p><span style=\"font-weight: 400;\">Brynstyling gir ansiktet et vakkert l\u00f8ft og blikkfang. Behandlingen inneb\u00e6rer b\u00e5de voks, napping og farge.<\/span><\/p>\n","protected":false},"featured_media":12296,"comment_status":"closed","ping_status":"closed","template":"","meta":{"_acf_changed":false},"product_brand":[],"product_cat":[3848],"product_tag":[3881,3866],"class_list":{"0":"post-9579","1":"product","2":"type-product","3":"status-publish","4":"has-post-thumbnail","6":"product_cat-behandlingsmeny","7":"product_tag-vipper-og-bryn","8":"product_tag-vipper-bryn","10":"first","11":"instock","12":"shipping-taxable","13":"product-type-simple"},"acf":[],"_links":{"self":[{"href":"https:\/\/headless.velbehagklinikk.no\/blogg\/wp-json\/wp\/v2\/product\/9579","targetHints":{"allow":["GET"]}}],"collection":[{"href":"https:\/\/headless.velbehagklinikk.no\/blogg\/wp-json\/wp\/v2\/product"}],"about":[{"href":"https:\/\/headless.velbehagklinikk.no\/blogg\/wp-json\/wp\/v2\/types\/product"}],"replies":[{"embeddable":true,"href":"https:\/\/headless.velbehagklinikk.no\/blogg\/wp-json\/wp\/v2\/comments?post=9579"}],"wp:featuredmedia":[{"embeddable":true,"href":"https:\/\/headless.velbehagklinikk.no\/blogg\/wp-json\/wp\/v2\/media\/12296"}],"wp:attachment":[{"href":"https:\/\/headless.velbehagklinikk.no\/blogg\/wp-json\/wp\/v2\/media?parent=9579"}],"wp:term":[{"taxonomy":"product_brand","embeddable":true,"href":"https:\/\/headless.velbehagklinikk.no\/blogg\/wp-json\/wp\/v2\/product_brand?post=9579"},{"taxonomy":"product_cat","embeddable":true,"href":"https:\/\/headless.velbehagklinikk.no\/blogg\/wp-json\/wp\/v2\/product_cat?post=9579"},{"taxonomy":"product_tag","embeddable":true,"href":"https:\/\/headless.velbehagklinikk.no\/blogg\/wp-json\/wp\/v2\/product_tag?post=9579"}],"curies":[{"name":"wp","href":"https:\/\/api.w.org\/{rel}","templated":true}]}}